5*r + c + n = 0. Is r a composite number?
True
Suppose -167 = 3*j - 743. Let d(v) = 2*v**3 + 13*v**2 - 5*v + 14. Let l be d(-7). Suppose 4*r - 4*c = 1212, l = -r + 2*c + 111 + j. Is r a prime number?
False
Suppose 0 = 4*u - 4*p - 18836, -3*p - 4339 + 27836 = 5*u. Is u prime?
True
Suppose 2*u + 18983 = 5*f, 0 = -12*u + 11*u - 5*f - 9484. Is 4/(24/u)*(-18)/3 a composite number?
True
Let g(o) = -135*o**2 + 35*o - 14. Let m be g(10). Let j = 30613 - m. Is j composite?
False
Let r(t) = -t**3 + 21*t**2 + 22*t + 3. Let c be r(22). Suppose 0 = c*z - 1 - 8. Suppose 5 = -z*b + 116. Is b composite?
False
Let u(g) = -10*g**3 + 4*g**2 + 58*g - 10. Let i(w) = 3*w**3 - w**2 - 19*w + 4. Let o(v) = -7*i(v) - 2*u(v). Is o(-13) a prime number?
False
Let m(a) = 105*a**2 - 82*a - 3044. Is m(-45) composite?
True
Let m be 2/(-3) + (-93)/9. Let f(r) = 114*r + 53. Let o be f(m). Is (o/2)/((-2)/4) composite?
False
Is 0 + (-10)/6 + (25697098/21)/17 composite?
True
Let c = -7171 - -4969. Let g = 4351 + c. Is g composite?
True
Is (-7)/(63/(-45)) + 96516 a prime number?
False
Suppose 0 = 18*r - 10151436 - 31623090. Is r a composite number?
False
Let m be 243/(-18) + (-2)/4 + -1. Is ((-7971)/(-2))/(m/(-10)) a composite number?
False
Suppose -2*w = -6, -4*h - 3 = -6*h + 5*w. Suppose 0 = 5*k - h*k + 11272. Let z = -1149 + k. Is z composite?
False
Let t(f) = 20*f**2 - 7*f + 11. Let p(a) = 2 + 4*a + 6*a**2 - 2*a**2 - 10*a. Let i be p(2). Is t(i) prime?
False
Let q = -90 - -95. Is q + (16 - 17)*(-484 + 2) composite?
False
Let s be (-15)/(-90) - 736126/(-12). Let n = s + -40223. Is n composite?
False
Let w(g) = 1287*g**3 - 18*g**2 + 49*g - 13. Is w(3) composite?
False
Suppose -8263147 - 8818129 = -115*s - 758521. Is s prime?
True
Suppose -9*b = b. Suppose 0 = 5*h - 4*o - 46115, b*h + o = 3*h - 27676. Is h prime?
True
Suppose 0 = 5*q + 4*z - 13847 - 9652, -q = 2*z - 4695. Is q prime?
True
Let c(l) be the second derivative of 191/3*l**4 + 1/6*l**3 - l**2 + 0 - 2*l. Is c(1) prime?
False
Suppose -6544 = 6*j + 17750. Let l = j + 5758. Is l composite?
False
Suppose -166*l = -167*l + 76. Suppose -12970 = -l*k + 74*k. Is k prime?
False
Let x(s) = s**3 + 38*s**2 + 33*s + 35. Let c be (-27)/1 + -14 + 15 + -7. Is x(c) a composite number?
False
Suppose 0 = 5*n - 38 + 13. Suppose 15 = n*r + 5*p, 4*r - 5*r = 3*p - 1. Suppose 6567 = r*g - 10237. Is g a composite number?
False
Let m be (-7)/(-2)*(20/(-5) - 6). Let a(p) = 693*p - 8. Let z be a(2). Let b = z + m. Is b prime?
False
Suppose -16*n - 2*p - 3332769 = -21*n, 5*n = 5*p + 3332745. Is n a prime number?
True
Suppose 18742 = -4*g + 2*h, 0 = -3*g + 5*h - 0*h - 14060. Let n = g + 7612. Is n a prime number?
True
Let d = -2 + -1. Let n be 9/(-6) - (d + 45/6). Let x(u) = -17*u - 11. Is x(n) composite?
True
Is 169980 - ((-259)/(-222))/(2/(-12)) prime?
True
Suppose 2*j - 5*i = -i + 401696, 3*j - 2*i - 602564 = 0. Is (-2)/(j/25109 - 8) a composite number?
True
Let s(j) be the third derivative of 41*j**6/120 + j**5/60 + 3*j**4/4 - 85*j**3/6 + 2*j**2 - 20*j. Is s(5) a prime number?
False
Let h(n) = n**3 - n**2 - 41 - n + n**2 + 42. Let b be h(1). Let z(l) = 911*l - 6. Is z(b) a composite number?
True
Let w be -90*(-4)/8*38/(-114). Let y be ((-4)/6)/((-2)/408). Let u = w + y. Is u a composite number?
True
Suppose -218*r = -166*r - 8810204. Is r a composite number?
False
Suppose 25*b = 10*b + 45. Suppose -5*r - c = -4047, b*r - 5*c - 1837 - 580 = 0. Is r a composite number?
False
Let j(n) = -490*n - 159. Is j(-75) a prime number?
False
Let l = 28 + -25. Let p(t) = l*t + 2*t + 2*t**2 - 16 + 8*t - 4*t. Is p(7) composite?
True
Let a = 227 - 221. Suppose a*b = -b + 7819. Is b a composite number?
False
Let l = -2 - 1. Let a be (182/35 - 6) + 34/5. Is (-103)/((a/l)/(0 - -2)) a composite number?
False
Is (((-118497)/2)/((-801)/(-356)))/((-2)/3) a prime number?
True
Suppose 3*f = 3, 2*r + 0*f = 5*f - 5. Let b be (-5*(-4 + 3) - 4)*r. Suppose 3*g = -b*g + 15267. Is g a composite number?
True
Let c be (-3 + 537)*(6 + (-9 - -4)). Suppose 5*k = 8*k - c. Is k prime?
False
Suppose x + 3*i = 426, 0 = x - 0*x - 5*i - 442. Suppose -5*n + 121 + x = 4*f, 0 = 5*n - 3*f - 539. Let v = 183 - n. Is v prime?
False
Let y be ((-39)/(-52))/(1/4). Suppose y*o = -47658 - 58734. Is (-6)/21 + o/(-56) prime?
False
Suppose y + 7*y = 32. Suppose -4*t - 4*b = -t + 26, -5*t + y*b + 10 = 0. Is (-10 - -7) + 1065 + t + 1 a composite number?
False
Is -6 - (0 - (-32 - 11))*-8537 composite?
True
Let a(b) = -19 + 3*b + 2*b**2 - b**2 + 11*b**2 - 2*b**2 + 26. Let s = 3 - 7. Is a(s) composite?
True
Suppose 5*z + 5*o = -15, o = 4*z - 3*o - 12. Let r be 204702/24 + 15/20. Suppose z = 13*f - r - 4379. Is f a composite number?
True
Let o = 98506 - 60673. Is o prime?
False
Suppose 4*d - 2339277 = 12*w - 15*w, 2*w = -d + 1559518. Is w a prime number?
False
Suppose 63532 = 5*h - g, 8*h - 10*h = g - 25417. Is h prime?
False
Let z be 2/22 + (-13855)/(-55). Suppose -508 = 250*o - z*o. Is o a prime number?
False
Suppose -73*k + 3479490 - 1039319 = 0. Is k a composite number?
False
Let p(k) = 258*k**2 - 12*k - 24. Let r be p(-5). Suppose -7*a + 19205 = r. Is a a composite number?
True
Is ((-40)/48 + -1*(-1)/(-6))*-26807 prime?
False
Suppose 3 = -4*n + y, -y - 137 + 136 = -2*n. Let o be (-345)/27 + (-4)/18. Is n/o + 57407/91 a composite number?
False
Suppose 5*p + 4*l - 35 = 0, -4*p = -5*l + 2*l + 3. Suppose -p*n - 3*v + 14496 = 0, 7*n - 2*v = 4*n + 14511. Is n composite?
True
Let y(x) = -8371*x**3 + 23*x**2 + 20*x - 3. Is y(-1) a prime number?
False
Suppose -4*q - 4*t = -3*q - 16, -4*t + 16 = 5*q. Suppose q = l - 5*c - 12264, -4*c = -2*l + l + 12259. Is l prime?
True
Suppose 2*y - 6 = q, -5*y + 9 = -3*q - 7. Suppose 0 = -2*z - y*z - 3*b + 10080, 3*z + b = 7560. Is 5/10*(-2 + z) a prime number?
True
Let s = -218 + 214. Is 144/96 + (-72566)/s prime?
True
Suppose -29*d + 92068 = -171281. Suppose -12*l + 3*l + d = 0. Is l a prime number?
True
Suppose 0 = 5*x - 17 + 2. Let f(c) = 21*c**3 - 6*c - 3*c**2 - 3*c**x + 1 + c + 6*c**2. Is f(3) composite?
False
Let c(i) = -115*i + 60953. Is c(0) composite?
False
Let s = 45773 - 25181. Suppose -s - 343 = -5*d. Is d composite?
True
Is (-2)/(-6)*3*10/((-30)/(-748101)) composite?
False
Let r(z) be the first derivative of z**5/20 - z**4/3 + 5*z**3/6 + 21*z**2/2 + 18*z + 8. Let y(s) be the first derivative of r(s). Is y(9) a composite number?
True
Suppose 0 = -35*o + 192399 + 6201184 + 637707. Is o a prime number?
False
Is 14 + ((-102249)/9)/(-7) composite?
False
Let t(q) = -223*q + 24 + 33 + 23 - 24. Is t(-17) a prime number?
True
Suppose 3*m - 352780 = -z, -1411114 = -4*z - 28*m + 22*m. Is z a prime number?
False
Let o = -9193 - -16944. Is o prime?
False
Let v = 1774 + 8550. Suppose -16*x + 20*x - v = 0. Is x composite?
True
Suppose -8*c - 8697 + 51249 = 0. Let v(t) = 13*t**3 - 9*t**2 - 2*t + 4. Let a be v(-6). Let r = c + a. Is r composite?
False
Let b = -78406 + 212733. Is b prime?
True
Suppose -307993 = -4*u + 5*g, 4*u + 81*g - 308014 = 79*g. Is u composite?
True
Suppose -3*v + 148 = v - 3*a, -82 = -3*v - 5*a. Let o = 41 + v. Suppose o*f = 73*f + 2326. Is f a composite number?
False
Suppose 35*l - 429972 - 2509712 = 1949991. Is l composite?
True
Let c(o) be the second derivative of o**5/20 + 17*o**4/12 - o**3/2 - 12*o**2 - 49*o. Is c(-13) a composite number?
False
Suppose k - 5*z - 21 = 0, 8 = -5*z + z. Suppose -3 = 4*f - k. Suppose -4*g - 1158 = -f*m, g - 5*g = 5*m - 2909. Is m prime?
False
Suppose 3*t - 6 = 0, -4*f + 2*t + 15 = 19. Suppose 5*w = -3*k + 8782, w - 6*w + 5*k + 8790 = f. Is w a composite number?
True
Let o be 8/(2/198*1). Suppose 12*a + 18*a - 11130 = 0. Suppose -r + a + o = 0. Is r prime?
True
Is ((-2179028)/32)/(777/(-840) - (-4)/5) a composite number?
False
Suppose -3*c = -12, 19*z - 4191 = 16*z + 3*c. Suppose -1410*t = -z*t - 128529. Is t a composite number?
False
Suppose -3*m - 5478 = -5*m + 5*z, -3*m = -2*z - 8195. Suppose -y + m = -1412. Is y prime?
False
Let x(t) = -935*t - 53. Let v = 304 - 312. Is x(v) prime?
False
Let o = 104 + -104. Suppose -b + 2*b + 5*i = -1029, -3*i - 6 = o. Let f = b - -1570. Is f prime?
False
Let m be 0/(-3 - 3) + 3. Suppose 0 = 2*v - 5*k - 29207, 0 = -2*v - m*k + k + 29172. Is v prime?
True
Suppose -36*d + 6989336 = -420